{"id":2,"date":"2016-05-10T03:48:21","date_gmt":"2016-05-10T03:48:21","guid":{"rendered":"https:\/\/squadack.com\/?page_id=2"},"modified":"2025-09-26T00:17:04","modified_gmt":"2025-09-25T22:17:04","slug":"sample-page","status":"publish","type":"page","link":"https:\/\/squadack.com\/?page_id=2","title":{"rendered":"Kto i po co?"},"content":{"rendered":"\n<details class=\"wp-block-details has-medium-font-size is-layout-flow wp-block-details-is-layout-flow\" open><summary><\/summary>\n<h2 class=\"CjVfdc\">Dlaczego &#8222;squadack&#8221;?<\/h2>\n<p class=\"CDt4Ke zfr3Q\" dir=\"ltr\">Dawno temu, pewna firma sprzedaj\u0105ca komputery, w reklamie przeciwstawi\u0142a pi\u0119kny komputer z logo tej firmy innemu komputerowi &#8211; niedbale posk\u0142adanemu o nazwie Squadack. By\u0142o to w czasach, gdy na polskim rynku wi\u0119kszo\u015b\u0107 komputer\u00f3w kupowa\u0142o si\u0119 w ma\u0142ych sklepikach lub te\u017c wr\u0119cz sk\u0142ada\u0142o samemu. I zazwyczaj takie komputery by\u0142y o wiele lepszej jako\u015bci ni\u017c mas\u00f3wka sk\u0142adana przez pracownik\u00f3w reklamuj\u0105cej si\u0119 firmy.<\/p>\n<p class=\"CDt4Ke zfr3Q\" dir=\"ltr\">Przez grupy dyskusyjne przetoczy\u0142a si\u0119 wtedy dyskusja, czy nie mo\u017cna by ukr\u00f3ci\u0107 reklam\u0119 por\u00f3wnawcz\u0105 i za\u0142o\u017cy\u0107 firm\u0119 o nazwie &#8222;Squadack&#8221;. Od tamtego czasu min\u0119\u0142o kilka lat i z\u0142o\u017conej sobie obietnicy dotrzyma\u0142em.<\/p>\n<h2 class=\"CjVfdc\">Czym si\u0119 zajmuj\u0119?<\/h2>\n<p class=\"CDt4Ke zfr3Q\" dir=\"ltr\">Uk\u0142adami zasilaj\u0105cymi. Projektuj\u0119 transformatory impulsowe i przetwornice. Rozpracowuj\u0119 teori\u0119 i praktyk\u0119 dotycz\u0105 rdzeni ferrytowych i proszkowych. A w wolnych chwilach wymy\u015blam r\u00f3\u017cne, ciekawe uk\u0142ady. <span class=\" aw5Odc\"><a class=\"XqQF9c\" href=\"http:\/\/www.google.com\/url?q=http%3A%2F%2Fwww.elektronika.squadack.com&amp;sa=D&amp;sntz=1&amp;usg=AOvVaw2lUYu5KgeTwAF-hObRHrun\" target=\"_blank\" rel=\"noopener\">Wi\u0119cej&#8230;<\/a><\/span><\/p>\n<h2 class=\"CjVfdc\">Czym si\u0119 zajmowa\u0142em?<\/h2>\n<p>Kiedy\u015b policzy\u0142em, \u017ce w \u017cyciu wykonywa\u0142em kilkadziesi\u0105t rodzaj\u00f3w pracy. By\u0142em pomocnikiem telemontera i listonoszem. Instalowa\u0142em anteny telewizyjne i by\u0142em prezesem sp\u00f3\u0142ki prawa<\/p>\n<p>handlowego. Najd\u0142u\u017cej zawodowo zajmowa\u0142em si\u0119 programowaniem &#8211; u\u017cywa\u0142em najlepszego RDBMS pracuj\u0105cego na desktopie &#8211; FoxPro. Jednak nieustaj\u0105ce zami\u0142owanie do elektroniki umo\u017cliwi\u0142o mi powr\u00f3t do niej po 20 latach przerwy.<\/p>\n<h2>Komu potrzebna jest ta strona?<\/h2>\n<p>Chyba ju\u017c nikomu &#8211; utrzymuj\u0119 j\u0105 tylko z powodu mn\u00f3stwa link\u00f3w, kt\u00f3re prowadz\u0105 do jej podstron. Elementarna uczciwo\u015b\u0107 nakazuje utrzymanie plik\u00f3w, z kt\u00f3rych ludzie korzystaj\u0105. Znajduje si\u0119 tu r\u00f3wnie\u017c <a href=\"\/BILANS-SOFT archiwum\/index.htm\" target=\"_blank\" rel=\"noopener\">archiwum strony firmy BILANS-SOFT<\/a>, kt\u00f3r\u0105 kiedy\u015b zarz\u0105dza\u0142em.<\/p>\n<p>UWAGA! STRONA JEST W TRAKCIE PRZENOSZENIA I JESZCZE NIE WSZYSTKIE PLIKI ZOSTA\u0141Y PRZYWR\u00d3CONE!<\/p>\n<div class=\"Xpil1b xgQ6eb\">\u00a0<\/div>\n<\/details>\n","protected":false},"excerpt":{"rendered":"","protected":false},"author":1,"featured_media":0,"parent":0,"menu_order":0,"comment_status":"open","ping_status":"open","template":"","meta":{"footnotes":""},"class_list":["post-2","page","type-page","status-publish","hentry"],"_links":{"self":[{"href":"https:\/\/squadack.com\/index.php?rest_route=\/wp\/v2\/pages\/2","targetHints":{"allow":["GET"]}}],"collection":[{"href":"https:\/\/squadack.com\/index.php?rest_route=\/wp\/v2\/pages"}],"about":[{"href":"https:\/\/squadack.com\/index.php?rest_route=\/wp\/v2\/types\/page"}],"author":[{"embeddable":true,"href":"https:\/\/squadack.com\/index.php?rest_route=\/wp\/v2\/users\/1"}],"replies":[{"embeddable":true,"href":"https:\/\/squadack.com\/index.php?rest_route=%2Fwp%2Fv2%2Fcomments&post=2"}],"version-history":[{"count":8,"href":"https:\/\/squadack.com\/index.php?rest_route=\/wp\/v2\/pages\/2\/revisions"}],"predecessor-version":[{"id":33,"href":"https:\/\/squadack.com\/index.php?rest_route=\/wp\/v2\/pages\/2\/revisions\/33"}],"wp:attachment":[{"href":"https:\/\/squadack.com\/index.php?rest_route=%2Fwp%2Fv2%2Fmedia&parent=2"}],"curies":[{"name":"wp","href":"https:\/\/api.w.org\/{rel}","templated":true}]}}